ate the remainder when 42 is divided by m.
8
Suppose 0 = 4*o - 1 - 7. Suppose i = -5*b + 34, -4*i + 151 = 7*b - o*b. Calculate the remainder when i is divided by 8.
7
Suppose -2*s = -5*s - 144. Let b = 23 - s. What is the remainder when b is divided by 15?
11
Suppose -14*k + 11 = -13*k + 3*p, 2*p + 26 = k. What is the remainder when 677 is divided by k?
17
Let i be (-1 + (11 - 6))/(4/26). Let u = 52 - i. What is the remainder when u is divided by 14?
12
Suppose 5*i = 88 - 28. Let a = 230 - 162. Suppose 3*d - 5*d = -a. What is the remainder when d is divided by i?
10
Let q = 629 + -593. Calculate the remainder when 119 is divided by q.
11
Suppose 3*x - 6 = x. Let z(q) = 9*q**2 + x*q - 3*q + 2 + 4 + 7*q + q**3. What is the remainder when z(-7) is divided by 29?
26
Suppose n = d - 46, 2*n = -5*d + d + 178. What is the remainder when 53 is divided by d?
8
Suppose 14 = -0*v + v. What is the remainder when (-1368)/133*(-14)/3 is divided by v?
6
Let q = 24 - 5. Let j = 246 - 237. Calculate the remainder when q is divided by j - (-1 - 0)/(6/(-24)).
4
Suppose -24*u + 27*u = 12. What is the remainder when 4/(-6) + 44/3 is divided by u?
2
Let z(v) = -5*v**3 + v**2. Let c be z(-1). Suppose -o - 4*t = -c, -8*o + t + 7 = -4*o. Suppose 2 = -3*f + 23. Calculate the remainder when f is divided by o.
1
Suppose 11*t - 7*t + 96 = 0. Let a = 63 + t. Calculate the remainder when (a/4)/(8/64) is divided by 27.
24
Suppose -3*z + 17 = 5*x - 4*z, 2*x - 2 = 2*z. What is the remainder when 46 - (x - (-35)/(-5)) is divided by 13?
10
Suppose 271 - 91 = 3*w. Calculate the remainder when w is divided by 31.
29
Let c(z) = -6*z - 4 + 0 + 3. Let x(s) = -88*s + 2. What is the remainder when x(-1) is divided by c(-4)?
21
Let f(g) = 2*g**2 + 8*g + 1. Calculate the remainder when (1/9 - (-1488)/(-108))*-9 is divided by f(-6).
23
Let g = -10 - -11. Suppose -o = 5*r - 0 - 15, -r - o = g. Calculate the remainder when 9 is divided by r.
1
Suppose 57*m = 985 + 37091. Calculate the remainder when m is divided by 11.
8
Let s(z) = 3*z - 25. Let o be s(12). Suppose -3 = -2*b + o. What is the remainder when 11 is divided by b?
4
Let i = 11 - -7. Suppose i*b - 50 = 13*b. Calculate the remainder when 6 is divided by 18/b - 2/(-10).
0
Suppose 380 = -4*n - 5*j + 1016, -n + 160 = j. What is the remainder when n is divided by 12?
8
Let s(a) = -a**2 + 24*a - 20. What is the remainder when s(21) is divided by 9?
7
Let k = -2 - 7. Let x = 13 + k. Suppose 7*n - 18 = 5*n. Calculate the remainder when n is divided by x.
1
Calculate the remainder when ((-24)/9)/(30/(-1665)) is divided by 6.
4
Let t(n) = -n**3 + 6*n**2 + 15*n - 16. What is the remainder when 411 is divided by t(-4)?
75
Let r(b) = 17*b**2 + b - 2. Let u be r(1). Let k = 5 + u. What is the remainder when 62 is divided by k?
20
Let k = 17 - 12. Let o(w) = 5*w - 9. Calculate the remainder when 46 is divided by o(k).
14
Let h(z) = -2*z**3 - z**2 - z + 1. Let d(j) = j - 4. Let f be d(6). Suppose 0 = -2*x + f - 6. Calculate the remainder when h(x) is divided by 6.
3
Suppose 4*a = -v + 143, -5*a + 4*v = 6*v - 175. Suppose 5*m = 0, -30*m = 4*f - 31*m - 428. What is the remainder when f is divided by a?
33
Suppose -3*h = -4*g - 101 - 149, 0 = 5*h + g - 386. Calculate the remainder when 142 is divided by h.
64
Let r = -37 + 64. Let m = -8 - -21. Suppose -17 - m = -2*q. Calculate the remainder when r is divided by q.
12
Suppose 9*f + 2*f - 55 = 0. Suppose 6*b - 7 = f*b. Calculate the remainder when 19 is divided by b.
5
Let v(k) = k**2 - k - 1. Suppose x = -5*j + 21, 5*x = j - 3*j - 10. Let d = -47 + 121. What is the remainder when d is divided by v(x)?
17
Let x = -3 + 16. Let f = 119 - 116. Calculate the remainder when 48 - (-1)/(f/9) is divided by x.
12
Calculate the remainder when 387 is divided by 17/(238/(-63))*20/(-6).
12
Let j = -408 + 716. What is the remainder when j is divided by 13?
9
Let h(d) = d**2 + 6*d - 69. Calculate the remainder when 11 is divided by h(6).
2
Suppose 2*a + 0*a = k + 8, 0 = a + k - 7. Suppose 4*z + 81 = 5*g - 166, a*g - 229 = -2*z. Calculate the remainder when g is divided by 24.
23
Let y(c) = c**2 + 10*c + 33. Let q be y(-14). Let a = -80 + q. What is the remainder when 24 is divided by a?
6
Calculate the remainder when 29/2*(7 - -3) is divided by 7.
5
Suppose -5*j - 46 = -u, 4*j + 117 = 5*u - 92. Suppose -u = -5*c + 19. Calculate the remainder when 23 is divided by c.
11
Suppose 7*d + 2*d = 63. Let v be 14*(-1 + 9/6). Let k = -3 + v. What is the remainder when d is divided by k?
3
Suppose -68 = -p - 3*w, 6*w + 332 = 4*p + 3*w. What is the remainder when 314 is divided by p?
74
Suppose 3*a - 3*m - 78 = 0, -a - 5*m + 20 = -0*m. Calculate the remainder when a is divided by 12.
1
Let r = -28 + 59. What is the remainder when r is divided by 16?
15
Let j = 2169 + -2144. What is the remainder when 999 is divided by j?
24
Let h(v) = v**2 - v - 4. Let z be h(4). Suppose -5*d = z*t - 3*t - 115, -4*d = 3*t - 66. What is the remainder when t is divided by 14?
12
Suppose 235 = -4*g + 619. Suppose 3*c - a - g = 0, 0 = a - 1 + 4. Suppose 4*y - c = 21. Calculate the remainder when 36 is divided by y.
10
Suppose -16 = 3*p - 7*p. Suppose 4*w + i = p*i + 73, 3 = -i. Calculate the remainder when 44 is divided by w.
12
Suppose 2*p + 0*t = -5*t + 15, -t + 1 = 0. Let b(v) be the second derivative of 2*v**3/3 - 23*v**2/2 - 13*v. What is the remainder when b(10) is divided by p?
2
Let f(x) = x**2 + 7*x. Let q(j) = -1. Let w(c) = f(c) + 5*q(c). Let h be 3*(-1 - -4 - 6). What is the remainder when w(h) is divided by 8?
5
Let r = 801 - 730. What is the remainder when 194 is divided by r?
52
Let p(s) = s**3 + 5*s**2 + 2*s - 1. Let w be p(-3). Suppose 6 - w = -y. Suppose y*h + 33 = 108. Calculate the remainder when 29 is divided by h.
14
Let h = -1001 - -1172. Calculate the remainder when h is divided by 25.
21
Suppose -9*m + 3*m + 30 = 0. Suppose 3*o - 6 = 3. What is the remainder when m is divided by o?
2
Let j(c) = -2*c - 2. Let a be j(-2). Suppose -2*n - 3*x = -18, -2*n - a*n + 14 = -5*x. What is the remainder when n is divided by 3?
0
Suppose 9*q = 10*q - 18. Calculate the remainder when 1227/q - 3/18 is divided by 23.
22
Suppose -5*s - 26 = 44. Let o be (7/s)/(1/(-6)). What is the remainder when 5 - o - 2 - -55 is divided by 19?
17
Suppose 43*t + 10 = 38*t. What is the remainder when (t/(-4))/((-2)/(-92)) is divided by 13?
10
Let q = 154 - 152. Let n = -10 + 36. Suppose -q*o - 3*o = d - 58, -d = -2*o + n. Calculate the remainder when 46 is divided by o.
10
Let d(f) = 3*f - 6. Let h be d(6). Let r = h + -7. What is the remainder when 302/16 - (-1)/8 is divided by r?
4
What is the remainder when (125151/(-18))/(-13) + (-4)/(-24) is divided by 67?
66
Let h = -159 - -206. Calculate the remainder when h is divided by (-3)/(15/(-4))*20.
15
Suppose -37 = -8*i + 11. Suppose -74 - 16 = -i*z. Calculate the remainder when 44 is divided by z.
14
Suppose -8 = -4*y + 4*j, -4*y + 9*y + 2*j + 4 = 0. Calculate the remainder when 3 is divided by 1 + 2/(2 - y).
1
Let p(o) = -2*o**2 + 118*o + 525. Suppose 5*n + 2*w = 616, 118 = n + 4*w - w. What is the remainder when n is divided by p(63)?
19
Let y(j) = -2*j**3 - 12*j**2 + 14*j - 11. Let h(s) = -s**3 - 12*s**2 + 14*s - 10. Let p(o) = 3*h(o) - 2*y(o). What is the remainder when 49 is divided by p(11)?
24
Suppose -9*s + 172 + 521 = 0. Let p(d) = d**2 + 5*d - 1. Let a be p(-5). Calculate the remainder when s is divided by ((-2)/a - 4)*-13.
25
Let v(l) = 110*l + 3944. Let o = 18 + 14. Calculate the remainder when v(-35) is divided by o.
30
Let c = -10 + 5. Let r = 13 + c. Suppose -3*g - 4*g = -91. Calculate the remainder when g is divided by r.
5
Suppose -34 = -s + 19. Suppose d - 2*d + s = 0. Let r = d - 32. Calculate the remainder when r is divided by 12.
9
Let z = -73 - -79. Let w(q) = 2*q + 3. Calculate the remainder when 42 is divided by w(z).
12
Suppose -v = x - 6*v - 9, -4*x - v = -78. Let n be 160/12 - 8 - 1/3. Suppose n*y = 11 + x. What is the remainder when 21 is divided by y?
3
Let s = 1402 - 1004. What is the remainder when s is divided by 104?
86
Let h = -87 - -144. Let z = h - 37. Calculate the remainder when 19/1*3/1 is divided by z.
17
Suppose -3*r - 309 = -6*r. Suppose 0 = 3*p - 4*h - 170, r